 w(q) = -q**3 + 8*q**2 - 9*q + 11. Let t be w(7). Let b = 2 - 5. What is the tens digit of t - (2 - 19 - b)?
1
Let o(p) = -13*p - 155. What is the hundreds digit of o(-20)?
1
What is the tens digit of (-120)/12 + 2437 - -12?
3
What is the tens digit of (4/(-8))/(3*(-5)/28260)?
4
Let y(i) = i**3 - 10*i**2 - 19*i - 8. Let w be y(12). What is the units digit of (-3510)/w*12/(-10)?
1
Let s(p) = -p**3 - 7*p**2 + 2. Let b be s(-7). Let c be b/9 - (-2162)/(-9). What is the tens digit of (1 - -1) + c/(-5)?
5
Let p(b) = -347*b - 43. What is the hundreds digit of p(-11)?
7
Let c(y) be the second derivative of 8*y**3/3 - 2*y**2 + 6*y. Let n(g) = -15*g + 5. Let i(s) = 5*c(s) + 4*n(s). What is the units digit of i(1)?
0
Let v(c) = 20*c**2 - 2*c + 1. Let q be 0 + -3 + 2/2. Let a be v(q). Suppose -2*n + 7*n = a. What is the tens digit of n?
1
Suppose w = 4*o - 4*w - 2955, -729 = -o - 2*w. What is the tens digit of o?
3
Let z(n) = -n**2 + 19*n - 27. Let r be z(17). Let k(j) = j**3 - 7*j**2 + 8*j - 14. What is the units digit of k(r)?
2
Suppose -3*l = -857 - 31. Let m = l + -182. Suppose -4*o + 118 = 3*x, 0 = 6*o - 2*o + x - m. What is the tens digit of o?
2
Suppose -56 = 3*v - 41. What is the hundreds digit of (-2)/v - 1023*2/(-10)?
2
Let r(n) be the third derivative of n**7/420 - n**6/240 - 7*n**5/60 - 8*n**2. Let t(d) be the third derivative of r(d). What is the units digit of t(3)?
3
Let n be (-54)/189 - (-60)/14. Suppose 5*m - n*c = -2*c + 530, m - 109 = c. What is the hundreds digit of m?
1
Let w = -46 - -46. Suppose w = -2*p - p + 219. What is the units digit of p?
3
Let i(m) = -82*m - 156. What is the hundreds digit of i(-8)?
5
Suppose -16 = 5*f + 9. Let o be (-4)/f + (-16)/20. Let g = o - -2. What is the units digit of g?
2
Let g(o) = 160*o - 41. What is the hundreds digit of g(3)?
4
Let a(x) be the second derivative of 0 + 5*x + 1/12*x**4 + 7/6*x**3 + 3/2*x**2. What is the units digit of a(-7)?
3
Suppose -5*y = 4*z - 49, z + 3*y + 52 = 6*z. Let x = z + -8. Suppose 0 = -4*h + x*h + 11. What is the tens digit of h?
1
Let n be (22/33)/(2/6). Suppose -29 = -n*q + 47. What is the tens digit of q?
3
Suppose 4*n + 2*f + 2 = -4, -n + 5*f + 26 = 0. What is the units digit of 2 - (-1 + n) - (-1 + -3)?
6
Suppose -556 = -81*k + 79*k - 2*j, 4*j - 560 = -2*k. What is the hundreds digit of k?
2
Let a = 10 - 10. Suppose 2*x - 4*x = -5*q - 155, a = -4*x - 5*q + 235. What is the units digit of x?
5
Suppose 9042 = 5*k - 4*f, k + 0*f - 1800 = -2*f. What is the units digit of k?
6
Let q(y) = 22*y - 2. Let i be ((-1)/(-3))/(2/12). Suppose -3 = -t, 0 = i*b - 6*b + 5*t - 11. What is the tens digit of q(b)?
2
Let s(b) be the third derivative of 61*b**4/24 - b**3/6 - 6*b**2. What is the tens digit of s(2)?
2
Suppose 4*a + 68 = 2*c - 0*c, 12 = 4*a. Suppose 3*n = c + 50. What is the tens digit of n?
3
Suppose 126 = 2*n + 122. Suppose 0 = -5*q - 7*i + 3*i, 15 = -3*i. Suppose -5*p = -n*o - 21, -q*o + 8 = p - 5. What is the units digit of o?
2
Suppose -8*v - 3524 = -12*v. Suppose -149 + v = 4*q + 2*s, 0 = -s + 2. Let b = q + -107. What is the units digit of b?
5
Suppose 8*t = 3*t. Suppose 2*p - 16 = -5*q, 4*q - 5*p - 26 = -t*p. Suppose -q*x + x = -63. What is the units digit of x?
1
Suppose -2*v - 5 = -15. Suppose 0 = 4*r - 5*c - 127, v*r - 57 = -2*c + 77. Let h = r + -17. What is the tens digit of h?
1
Let m(h) = -2*h**2 + 6. Let k be m(0). What is the units digit of ((-18)/(-8))/(1665/(-280) + k)?
2
Let f(s) = s**3 + s + 1800. What is the hundreds digit of f(0)?
8
Suppose -2*j - 6 = -4*p - 0*p, -2*j + 18 = 2*p. Let r be (p/8 + -1)*0. Suppose -4*w + 4 + 8 = r. What is the units digit of w?
3
Let j(x) = x**3 + 12*x**2 - 13*x + 2. Let h be j(-13). Suppose h + 2 = -y. Let k(r) = -12*r - 3. What is the tens digit of k(y)?
4
Suppose 589 = -3*g + 2257. What is the units digit of g/16 + (-4)/(-16)?
5
Let r be (-42)/4*96/(-28). Suppose 2*c + 4*x + 0*x = r, 4*x - 4 = 2*c. Let a(f) = f**3 - 9*f**2 + 8*f + 4. What is the units digit of a(c)?
4
Let u(p) = 36*p**2 + 4*p - 5. Suppose 16*i - 13*i - 6 = 0. What is the units digit of u(i)?
7
Let b be -1*(-1 + 0) + 3. Suppose b*m - 94 - 54 = 0. Suppose 3*s - 50 - m = 0. What is the tens digit of s?
2
Let m be -2 + 0 - 1 - -8. Suppose -4*d + 2 = -m*d. What is the tens digit of (90/25)/(d/(-10))?
1
Suppose 18925 = 10*h - 5*h. Suppose 0 = 18*l - h - 445. What is the hundreds digit of l?
2
Suppose -16*b - 51*b + 26934 = 0. What is the units digit of b?
2
Suppose 0 = -7*s + 8*s - 729. What is the hundreds digit of s?
7
Let k be 1/9 - (-2502)/81. Let b = -25 + k. What is the units digit of (4 - 0)*105/b?
0
Let u = -2327 + 3703. What is the tens digit of u?
7
Let x = 905 + -360. What is the tens digit of x?
4
Suppose -38*h + 3480 = -34*h. Suppose h = 8*x - 82. What is the units digit of x?
9
Let h be 1 + 2 - 2/(-3)*-6. What is the units digit of 113 + -7 + 4 + h?
9
Let s be 32/10 + 3/(-15). Suppose c = -0*z + z - 15, 4*c + 60 = -s*z. What is the tens digit of (-197)/(-15) + 2/c?
1
Let o = 250 + 190. What is the hundreds digit of o?
4
Suppose 4*a = -11 + 1315. Let i = a + -202. What is the hundreds digit of i?
1
Let g be (5 - 70/15)*6. What is the tens digit of (6 - g) + (-2)/(-2) + 43?
4
Suppose -2*s - 5*y + 1272 = 0, -5*y + 2564 = 48*s - 44*s. What is the units digit of s?
6
Suppose -10 = -2*s - 3*u, 9*s + 3*u + 20 = 13*s. Suppose -s*l + 479 + 466 = 5*f, -2*l - 4*f = -372. What is the units digit of l?
2
Suppose 5*n - 25612 = 3*f, 2*n - 3*n - 2*f = -5125. What is the units digit of n?
3
Suppose 5*v - 1147 = -2. What is the tens digit of v?
2
Let q(l) = -701*l + 10. What is the units digit of q(-3)?
3
Suppose 2*w + 2*q - 2 = 0, -5*w + 0 = -2*q - 12. Suppose 4*k + k = 12*k. Suppose -w*u - u + 123 = k. What is the tens digit of u?
4
Suppose 0 = 3*h + 9, 4*y - 6*h - 36 = -2*h. Suppose 2*u = y*u - 448. What is the units digit of u?
2
Let i = -86 - -48. Let b = i - -82. What is the tens digit of b?
4
Let o(n) = -3*n**3 - 11*n**2 - 6*n + 34. What is the tens digit of o(-9)?
8
Let g(b) = b**2 - 4*b - 6. Let y(p) = 25*p. Let m be y(1). Suppose 13*t = 8*t - m. What is the tens digit of g(t)?
3
Let f(p) be the second derivative of p**3/3 - 17*p**2 - 5*p. Let d(z) = -6*z + 101. Let c(r) = 6*d(r) + 17*f(r). What is the tens digit of c(0)?
2
Let q(j) = j**2 + 6*j - 17. Let b be q(7). Suppose b = n - 4*a + 2*a, -3*a = 2*n - 113. What is the units digit of n?
4
Let d(o) = o**2 + 9*o + 2. Suppose -3*t = -4*t - 5. Let x be d(t). What is the units digit of -3 + 2 - (x + 9)?
8
Let y = -227 - -134. Let d = -54 - y. What is the units digit of d?
9
Let s = -58 + 12. Suppose -2*f - j + 220 = 0, -4*f + 2*j - 5*j + 440 = 0. Let u = f + s. What is the units digit of u?
4
Suppose -5*a = -8*a + 1170. What is the tens digit of a?
9
Let s = -15 - -30. Suppose -3*f = 2*f - s. Suppose -a - 2*a + 96 = f*h, -3*a - 2*h + 92 = 0. What is the units digit of a?
8
Let u(i) = i**3 + 8*i**2 + 75*i + 400. What is the tens digit of u(-6)?
2
Let c be 3/(-5)*-2*-5. Let i be ((-3)/2 + 0)*c. Suppose i*s = 4*s + 125. What is the units digit of s?
5
Let s = 1535 - -7. What is the thousands digit of s?
1
Let j = -1726 + 4216. What is the thousands digit of j?
2
Let s(c) = 11*c + 2. Let r be s(3). What is the tens digit of r + (-5 + -5)/5?
3
Suppose 4*m - 268 = -2*s - m, 124 = s + 5*m. What is the hundreds digit of s?
1
Let n be 96/20 - (-2)/10. Let s = n + 0. Suppose 153 = -0*i + 3*i - 3*k, 0 = -5*i - s*k + 205. What is the units digit of i?
6
Let m = -11 - -13. Suppose -2*l + 2*f = -f - 18, -2*l + m = f. What is the units digit of l?
3
Suppose -2*v = 3*x - 14771, 36*v - 31*v = 2*x - 9860. What is the thousands digit of x?
4
What is the units digit of ((-2034)/(-9))/((-2)/(-3))?
9
Suppose -5*j = 0, -3*j = -5*m - 4*j + 2635. What is the units digit of m?
7
Suppose 0 = -0*i - 4*i + 2*a + 534, a = -3*i + 408. What is the tens digit of i?
3
Suppose 0 = 2*n + 5*f - 29, 2*f - 13 = n - 14. What is the units digit of n?
7
Let i(h) = -h**2 + 5*h - 4. Let o be i(3). Suppose -o*d + 16 = 2*d. Suppose 0 = 3*g + 5*n - 39, 0*n = -d*g - 3*n + 41. What is the units digit of g?
8
Suppose -3*s - 12 = -b, -6 = -5*b + b - 2*s. Suppose b*k + 14 - 2 = 0. Let n = -2 - k. What is the units digit of n?
2
Let y(q) = -q**2 + 